{"id":1599,"date":"2020-05-24T22:29:51","date_gmt":"2020-05-24T21:29:51","guid":{"rendered":"http:\/\/www.scoutlamoliere.ch\/?page_id=1599"},"modified":"2020-06-04T21:56:16","modified_gmt":"2020-06-04T20:56:16","slug":"politique-de-confidentialite","status":"publish","type":"page","link":"http:\/\/www.scoutlamoliere.ch\/?page_id=1599","title":{"rendered":"Politique de confidentialit\u00e9"},"content":{"rendered":"\n<p>Lors de votre inscription, vous nous confiez diff\u00e9rentes donn\u00e9es personnelles. Le groupe scout s\u2019engage \u00e0 respecter votre sph\u00e8re priv\u00e9e et \u00e0 prot\u00e9ger vos donn\u00e9es personnelles. Ces donn\u00e9es peuvent \u00eatre utilis\u00e9es par les responsables, dans le cadre des activit\u00e9s et des camps, notamment en cas d\u2019urgence.<\/p>\n\n\n\n<p>Les donn\u00e9es de base (nom, pr\u00e9nom, adresse, sexe, date de naissance, t\u00e9l\u00e9phone, e-mail, \u2026) peuvent \u00eatre transmises \u00e0 :<\/p>\n\n\n\n<ul class=\"wp-block-list\"><li>Jeunesse et Sport : dans le cadre des activit\u00e9s soutenues par J+S<\/li><li>Mouvement Scout de Suisse : journal et base de donn\u00e9es des membres<\/li><li>Activit\u00e9s organis\u00e9es hors du groupe : donn\u00e9es d\u2019inscription (en cas de besoin avec donn\u00e9es compl\u00e9mentaires si garanties suffisantes et usage uniquement pour l\u2019activit\u00e9)<\/li><li>Communes : indication des personnes participants \u00e0 nos activit\u00e9s<\/li><\/ul>\n\n\n\n<p>Nous vous informons \u00e9galement que nous publions sur notre site internet les photos de votre enfant prises dans le cadre de nos activit\u00e9s.<\/p>\n\n\n\n<p>Nous vous remercions pour votre confiance. En cas de question, n\u2019h\u00e9sitez pas \u00e0 nous contacter \u00e0 <a href=\"mailto:rg@scoutlamoliere.ch\">rg@scoutlamoliere.ch<\/a><\/p>\n\n\n\n<p class=\"has-medium-font-size\"><strong>ReCAPTCHA<\/strong><\/p>\n\n\n\n<p>Nous informons nos visiteurs que nous avons int\u00e9gr\u00e9 reCAPTCHA version&nbsp;3 sur notre site, et que l&rsquo;utilisation de cette fonctionnalit\u00e9 est soumise aux <a rel=\"noreferrer noopener\" href=\"https:\/\/www.google.com\/policies\/privacy\/\" target=\"_blank\">R\u00e8gles de confidentialit\u00e9<\/a> et aux <a rel=\"noreferrer noopener\" href=\"https:\/\/www.google.com\/policies\/terms\/\" target=\"_blank\">Conditions d&rsquo;utilisation<\/a> de Google. La fonctionnalit\u00e9 reCAPTCHA ne doit servir qu&rsquo;\u00e0 lutter contre le spam et les abus sur notre site. Elle n&rsquo;est pas utilis\u00e9e \u00e0 d&rsquo;autres fins, par exemple pour d\u00e9terminer la solvabilit\u00e9, l&rsquo;\u00e9ligibilit\u00e9 \u00e0 l&#8217;emploi, la situation financi\u00e8re ou l&rsquo;assurabilit\u00e9 d&rsquo;un utilisateur. En utilisant les API reCAPTCHA ou en y acc\u00e9dant, vous acceptez les <a rel=\"noreferrer noopener\" href=\"https:\/\/developers.google.com\/terms\/\" target=\"_blank\">Conditions d&rsquo;utilisation<\/a> des API&nbsp;Google, les <a rel=\"noreferrer noopener\" href=\"https:\/\/www.google.com\/policies\/terms\/\" target=\"_blank\">Conditions d&rsquo;utilisation<\/a> Google, ainsi que les Conditions d&rsquo;utilisation suppl\u00e9mentaires ci-dessous. Avant d&rsquo;acc\u00e9der aux API, veuillez prendre connaissance de toutes les conditions et r\u00e8gles applicables.<\/p>\n\n\n\n<p>Vous reconnaissez et comprenez que le fonctionnement de l&rsquo;API&nbsp;reCAPTCHA repose sur la collecte d&rsquo;informations mat\u00e9rielles et logicielles (telles que les donn\u00e9es sur les appareils et les applications) et que ces donn\u00e9es sont transmises \u00e0 Google pour analyse. Les informations collect\u00e9es dans le cadre de votre utilisation du service seront utilis\u00e9es afin d&rsquo;am\u00e9liorer la fonctionnalit\u00e9 reCAPTCHA et \u00e0 des fins de s\u00e9curit\u00e9 g\u00e9n\u00e9rale. Elles ne seront pas utilis\u00e9es par Google \u00e0 des fins de publicit\u00e9 personnalis\u00e9e. En vertu de la section&nbsp;3(d) des conditions d&rsquo;utilisation des API&nbsp;Google, vous acceptez que si vous utilisez les API, il vous incombe d&rsquo;en informer les utilisateurs et de demander leur autorisation pour la collecte et le partage de ces donn\u00e9es avec Google. Pour les utilisateurs en Union europ\u00e9enne, le ou les clients d&rsquo;API, ainsi que vous-m\u00eame, doivent se conformer aux <a rel=\"noreferrer noopener\" href=\"https:\/\/www.google.com\/about\/company\/user-consent-policy.html\" target=\"_blank\">r\u00e8gles relatives au consentement de l&rsquo;utilisateur dans l&rsquo;UE<\/a>.<\/p>\n","protected":false},"excerpt":{"rendered":"<p>Lors de votre inscription, vous nous confiez diff\u00e9rentes donn\u00e9es personnelles. Le groupe scout s\u2019engage \u00e0 respecter votre sph\u00e8re priv\u00e9e et \u00e0 prot\u00e9ger vos donn\u00e9es personnelles. Ces donn\u00e9es peuvent \u00eatre utilis\u00e9es par les responsables, dans le cadre des activit\u00e9s et des camps, notamment en cas d\u2019urgence. Les donn\u00e9es de base (nom, pr\u00e9nom, adresse, sexe, date de &hellip; <a href=\"http:\/\/www.scoutlamoliere.ch\/?page_id=1599\" class=\"more-link\">Continuer la lecture de <span class=\"screen-reader-text\">Politique de confidentialit\u00e9<\/span>  <span class=\"meta-nav\">&rarr;<\/span><\/a><\/p>\n","protected":false},"author":1,"featured_media":0,"parent":0,"menu_order":0,"comment_status":"closed","ping_status":"closed","template":"","meta":{"footnotes":""},"class_list":["post-1599","page","type-page","status-publish","hentry"],"_links":{"self":[{"href":"http:\/\/www.scoutlamoliere.ch\/index.php?rest_route=\/wp\/v2\/pages\/1599","targetHints":{"allow":["GET"]}}],"collection":[{"href":"http:\/\/www.scoutlamoliere.ch\/index.php?rest_route=\/wp\/v2\/pages"}],"about":[{"href":"http:\/\/www.scoutlamoliere.ch\/index.php?rest_route=\/wp\/v2\/types\/page"}],"author":[{"embeddable":true,"href":"http:\/\/www.scoutlamoliere.ch\/index.php?rest_route=\/wp\/v2\/users\/1"}],"replies":[{"embeddable":true,"href":"http:\/\/www.scoutlamoliere.ch\/index.php?rest_route=%2Fwp%2Fv2%2Fcomments&post=1599"}],"version-history":[{"count":12,"href":"http:\/\/www.scoutlamoliere.ch\/index.php?rest_route=\/wp\/v2\/pages\/1599\/revisions"}],"predecessor-version":[{"id":1623,"href":"http:\/\/www.scoutlamoliere.ch\/index.php?rest_route=\/wp\/v2\/pages\/1599\/revisions\/1623"}],"wp:attachment":[{"href":"http:\/\/www.scoutlamoliere.ch\/index.php?rest_route=%2Fwp%2Fv2%2Fmedia&parent=1599"}],"curies":[{"name":"wp","href":"https:\/\/api.w.org\/{rel}","templated":true}]}}