{"id":49,"date":"2014-02-26T22:56:43","date_gmt":"2014-02-26T21:56:43","guid":{"rendered":"http:\/\/www.scoutlamoliere.ch\/?page_id=49"},"modified":"2016-08-13T07:42:44","modified_gmt":"2016-08-13T06:42:44","slug":"nuits","status":"publish","type":"page","link":"http:\/\/www.scoutlamoliere.ch\/?page_id=49","title":{"rendered":"Nuits"},"content":{"rendered":"<p>Durant l&rsquo;ann\u00e9e, les moniteurs organisent, par unit\u00e9, une nuit en plein air rempla\u00e7ant une r\u00e9union. Cette nuit permet aux enfants d&rsquo;exorciser, pour certains, leur peur de dormir \u00e0 l&rsquo;ext\u00e9rieur et de vivre une exp\u00e9rience passionnante \u00e0 travers un jeu de nuit, lesquels peuvent \u00eatre du m\u00eame type que ceux d&rsquo;un camp.<\/p>\n<p>Ces jeux bas\u00e9s sur la coop\u00e9ration et l&rsquo;esprit d&rsquo;\u00e9quipe permettent de stimuler l&rsquo;ing\u00e9niosit\u00e9 et la condition physique des participants. Les concurrents se prennent au jeu et finissent souventfatigu\u00e9s mais heureux de ces joutes nocturnes. Une nuit scoute, c&rsquo;est non seulement l&rsquo;occasion de se retrouver dans l&rsquo;action d&rsquo;un jeu mais c&rsquo;est aussi des moments de tranquillit\u00e9, par exemple d\u00e9guster des grillades autour d&rsquo;un feu.<\/p>\n<p>Apr\u00e8s de tels moments, les enfants sont heureux de s&rsquo;installer bien au chaud dans leur sac de couchage et de s&rsquo;endormir sous la vo\u00fbte c\u00e9leste!<\/p>\n<p><i> Alexandre Gerbex<\/i><\/p>\n","protected":false},"excerpt":{"rendered":"<p>Durant l&rsquo;ann\u00e9e, les moniteurs organisent, par unit\u00e9, une nuit en plein air rempla\u00e7ant une r\u00e9union. Cette nuit permet aux enfants d&rsquo;exorciser, pour certains, leur peur de dormir \u00e0 l&rsquo;ext\u00e9rieur et de vivre une exp\u00e9rience passionnante \u00e0 travers un jeu de nuit, lesquels peuvent \u00eatre du m\u00eame type que ceux d&rsquo;un camp. Ces jeux bas\u00e9s sur &hellip; <a href=\"http:\/\/www.scoutlamoliere.ch\/?page_id=49\" class=\"more-link\">Continuer la lecture de <span class=\"screen-reader-text\">Nuits<\/span>  <span class=\"meta-nav\">&rarr;<\/span><\/a><\/p>\n","protected":false},"author":1,"featured_media":992,"parent":0,"menu_order":0,"comment_status":"closed","ping_status":"closed","template":"","meta":{"footnotes":""},"class_list":["post-49","page","type-page","status-publish","has-post-thumbnail","hentry"],"_links":{"self":[{"href":"http:\/\/www.scoutlamoliere.ch\/index.php?rest_route=\/wp\/v2\/pages\/49","targetHints":{"allow":["GET"]}}],"collection":[{"href":"http:\/\/www.scoutlamoliere.ch\/index.php?rest_route=\/wp\/v2\/pages"}],"about":[{"href":"http:\/\/www.scoutlamoliere.ch\/index.php?rest_route=\/wp\/v2\/types\/page"}],"author":[{"embeddable":true,"href":"http:\/\/www.scoutlamoliere.ch\/index.php?rest_route=\/wp\/v2\/users\/1"}],"replies":[{"embeddable":true,"href":"http:\/\/www.scoutlamoliere.ch\/index.php?rest_route=%2Fwp%2Fv2%2Fcomments&post=49"}],"version-history":[{"count":2,"href":"http:\/\/www.scoutlamoliere.ch\/index.php?rest_route=\/wp\/v2\/pages\/49\/revisions"}],"predecessor-version":[{"id":1039,"href":"http:\/\/www.scoutlamoliere.ch\/index.php?rest_route=\/wp\/v2\/pages\/49\/revisions\/1039"}],"wp:featuredmedia":[{"embeddable":true,"href":"http:\/\/www.scoutlamoliere.ch\/index.php?rest_route=\/wp\/v2\/media\/992"}],"wp:attachment":[{"href":"http:\/\/www.scoutlamoliere.ch\/index.php?rest_route=%2Fwp%2Fv2%2Fmedia&parent=49"}],"curies":[{"name":"wp","href":"https:\/\/api.w.org\/{rel}","templated":true}]}}