{"id":92,"date":"2014-02-26T23:14:59","date_gmt":"2014-02-26T22:14:59","guid":{"rendered":"http:\/\/www.scoutlamoliere.ch\/?page_id=92"},"modified":"2025-03-31T17:49:06","modified_gmt":"2025-03-31T16:49:06","slug":"courriers","status":"publish","type":"page","link":"http:\/\/www.scoutlamoliere.ch\/?page_id=92","title":{"rendered":"Courriers"},"content":{"rendered":"<p>Vous trouvez ici une copie \u00e0 t\u00e9l\u00e9charger des derniers courriers envoy\u00e9s aux membres du groupement.<\/p>\n<p><a href=\"http:\/\/www.scoutlamoliere.ch\/wp-content\/uploads\/2025\/03\/Reprise_Printemps-2025.pdf\">Reprise des activit\u00e9s du printemps 2025<\/a><\/p>\n<p><a href=\"http:\/\/www.scoutlamoliere.ch\/wp-content\/uploads\/2025\/03\/inscription_WE_scout-2025.pdf\">Inscription WE scout 2025<\/a><\/p>\n\n\n<p><\/p>\n","protected":false},"excerpt":{"rendered":"<p>Vous trouvez ici une copie \u00e0 t\u00e9l\u00e9charger des derniers courriers envoy\u00e9s aux membres du groupement. Reprise des activit\u00e9s du printemps 2025 Inscription WE scout 2025<\/p>\n","protected":false},"author":1,"featured_media":0,"parent":0,"menu_order":0,"comment_status":"closed","ping_status":"closed","template":"","meta":{"footnotes":""},"class_list":["post-92","page","type-page","status-publish","hentry"],"_links":{"self":[{"href":"http:\/\/www.scoutlamoliere.ch\/index.php?rest_route=\/wp\/v2\/pages\/92","targetHints":{"allow":["GET"]}}],"collection":[{"href":"http:\/\/www.scoutlamoliere.ch\/index.php?rest_route=\/wp\/v2\/pages"}],"about":[{"href":"http:\/\/www.scoutlamoliere.ch\/index.php?rest_route=\/wp\/v2\/types\/page"}],"author":[{"embeddable":true,"href":"http:\/\/www.scoutlamoliere.ch\/index.php?rest_route=\/wp\/v2\/users\/1"}],"replies":[{"embeddable":true,"href":"http:\/\/www.scoutlamoliere.ch\/index.php?rest_route=%2Fwp%2Fv2%2Fcomments&post=92"}],"version-history":[{"count":23,"href":"http:\/\/www.scoutlamoliere.ch\/index.php?rest_route=\/wp\/v2\/pages\/92\/revisions"}],"predecessor-version":[{"id":2012,"href":"http:\/\/www.scoutlamoliere.ch\/index.php?rest_route=\/wp\/v2\/pages\/92\/revisions\/2012"}],"wp:attachment":[{"href":"http:\/\/www.scoutlamoliere.ch\/index.php?rest_route=%2Fwp%2Fv2%2Fmedia&parent=92"}],"curies":[{"name":"wp","href":"https:\/\/api.w.org\/{rel}","templated":true}]}}