{"id":41,"date":"2014-02-26T22:53:28","date_gmt":"2014-02-26T21:53:28","guid":{"rendered":"http:\/\/www.scoutlamoliere.ch\/?page_id=41"},"modified":"2018-09-26T11:41:00","modified_gmt":"2018-09-26T10:41:00","slug":"unites","status":"publish","type":"page","link":"https:\/\/www.scoutlamoliere.ch\/?page_id=41","title":{"rendered":"Unit\u00e9s"},"content":{"rendered":"<p>Le groupememt scout de La Moli\u00e8re est divis\u00e9 en plusieurs unit\u00e9s selon l&rsquo;\u00e2ge et le sexe des participants. Dans notre groupement, on distingue les unit\u00e9s suivantes :<\/p>\n<p><strong>Louveteau<br \/>\n<\/strong><\/p>\n<p>Cette unit\u00e9 regroupe les plus jeunes <b>gar\u00e7ons<\/b> \u00e2g\u00e9s entre <b>6 et 10 ans<\/b> environ. Les activit\u00e9s consistent essentiellement \u00e0 des jeux, des ballades et de petites constructions dans la nature comme des bivouacs, des foyers et des fours \u00e0 pain. L&rsquo;introduction aux connaissances scouts se d\u00e9roule sous forme de jeu. Les louveteaux sont en principe capables de reconna\u00eetre les divers noeuds, de se diriger et de se rep\u00e9rer avec des croquis. Cette unit\u00e9 participe \u00e9galement chaque ann\u00e9e \u00e0 un camp d&rsquo;\u00e9t\u00e9 de cinq jours.<\/p>\n<p><img loading=\"lazy\" decoding=\"async\" class=\" wp-image-1416 aligncenter\" src=\"http:\/\/www.scoutlamoliere.ch\/wp-content\/uploads\/2014\/02\/IMG_4945_loups-200x300.jpg\" alt=\"\" width=\"383\" height=\"575\" srcset=\"https:\/\/www.scoutlamoliere.ch\/wp-content\/uploads\/2014\/02\/IMG_4945_loups-200x300.jpg 200w, https:\/\/www.scoutlamoliere.ch\/wp-content\/uploads\/2014\/02\/IMG_4945_loups-768x1152.jpg 768w, https:\/\/www.scoutlamoliere.ch\/wp-content\/uploads\/2014\/02\/IMG_4945_loups-683x1024.jpg 683w, https:\/\/www.scoutlamoliere.ch\/wp-content\/uploads\/2014\/02\/IMG_4945_loups.jpg 792w\" sizes=\"auto, (max-width: 383px) 100vw, 383px\" \/><br \/>\n<strong>Lutin<br \/>\n<\/strong><\/p>\n<p>Cette unit\u00e9 regroupe les plus jeunes <b>filles<\/b> \u00e2g\u00e9es entre <b>6 et 10 ans<\/b> environ. Les activit\u00e9s sont semblables \u00e0 celle des louveateux et consistent essentiellement \u00e0 des jeux,<br \/>\ndes ballades et de petites constructions dans la nature comme des bivouacs, des foyers et des fours \u00e0 pain. L&rsquo;introduction aux connaissances scouts se d\u00e9roule sous forme de jeu. Les lutins sont en principe capables de reconna\u00eetre les divers noeuds, de se diriger et de se rep\u00e9rer avec des croquis. Cette unit\u00e9 participe \u00e9galement chaque ann\u00e9e \u00e0 un camp d&rsquo;\u00e9t\u00e9 de cinq jours.<\/p>\n<p><img loading=\"lazy\" decoding=\"async\" class=\" wp-image-1417 aligncenter\" src=\"http:\/\/www.scoutlamoliere.ch\/wp-content\/uploads\/2014\/02\/IMG_4948_lutins-200x300.jpg\" alt=\"\" width=\"383\" height=\"575\" srcset=\"https:\/\/www.scoutlamoliere.ch\/wp-content\/uploads\/2014\/02\/IMG_4948_lutins-200x300.jpg 200w, https:\/\/www.scoutlamoliere.ch\/wp-content\/uploads\/2014\/02\/IMG_4948_lutins-768x1152.jpg 768w, https:\/\/www.scoutlamoliere.ch\/wp-content\/uploads\/2014\/02\/IMG_4948_lutins-683x1024.jpg 683w, https:\/\/www.scoutlamoliere.ch\/wp-content\/uploads\/2014\/02\/IMG_4948_lutins.jpg 792w\" sizes=\"auto, (max-width: 383px) 100vw, 383px\" \/><\/p>\n<p><strong>Cadet <\/strong><\/p>\n<p>Cette unit\u00e9 regroupe les <b>gar\u00e7ons<\/b> \u00e2g\u00e9s entre <b>10 et 12 ans<\/b> ans environ. Les activit\u00e9s consistent essentiellement \u00e0 la pr\u00e9paration des promesses d&rsquo;\u00e9claireur et \u00e0 des jeux. Les cadets sont en principe capables de faire les divers noeuds et maitrisent le rappel. Ils connaissent la loi scoute, les bases de secourisme et peuvent se diriger \u00e0 l&rsquo;aide d&rsquo;une carte. Au niveau des constructions, ils sont capables de r\u00e9aliser un bivouac personnel, d&rsquo;allumer un feu et de cuisiner un minimum. Cette unit\u00e9 participe chaque ann\u00e9e \u00e0 un camp d&rsquo;\u00e9t\u00e9 de 7 jours.<br \/>\n<img loading=\"lazy\" decoding=\"async\" class=\" wp-image-1415 aligncenter\" src=\"http:\/\/www.scoutlamoliere.ch\/wp-content\/uploads\/2014\/02\/IMG_4942_cadets-200x300.jpg\" alt=\"\" width=\"383\" height=\"575\" srcset=\"https:\/\/www.scoutlamoliere.ch\/wp-content\/uploads\/2014\/02\/IMG_4942_cadets-200x300.jpg 200w, https:\/\/www.scoutlamoliere.ch\/wp-content\/uploads\/2014\/02\/IMG_4942_cadets-768x1152.jpg 768w, https:\/\/www.scoutlamoliere.ch\/wp-content\/uploads\/2014\/02\/IMG_4942_cadets-683x1024.jpg 683w, https:\/\/www.scoutlamoliere.ch\/wp-content\/uploads\/2014\/02\/IMG_4942_cadets.jpg 792w\" sizes=\"auto, (max-width: 383px) 100vw, 383px\" \/><br \/>\n<strong>Cadette<br \/>\n<\/strong><\/p>\n<p>Cette unit\u00e9 regroupe les <b>filles<\/b> \u00e2g\u00e9es entre <b>10 et 12 ans<\/b> ans environ. Les activit\u00e9s consistent essentiellement \u00e0 la pr\u00e9paration des promesses d&rsquo;\u00e9claireuse et \u00e0 des jeux. Les cadettess sont le pendant f\u00e9minin des cadets. Elles sont en principe capables de faire les divers noeuds et maitrisent le rappel. Elles connaissent la loi scoute, les bases de secourisme et peuvent se diriger \u00e0 l&rsquo;aide d&rsquo;une carte. Au niveau des constructions, Elles sont capables de r\u00e9aliser un bivouac personnel, d&rsquo;allumer un feu et de cuisiner un minimum. Cette unit\u00e9 participe \u00e9galement chaque ann\u00e9e \u00e0 un camp d&rsquo;\u00e9t\u00e9 de 7 jours.<br \/>\n<img loading=\"lazy\" decoding=\"async\" class=\" wp-image-1418 aligncenter\" src=\"http:\/\/www.scoutlamoliere.ch\/wp-content\/uploads\/2014\/02\/IMG_4952_cadettes-200x300.jpg\" alt=\"\" width=\"383\" height=\"575\" srcset=\"https:\/\/www.scoutlamoliere.ch\/wp-content\/uploads\/2014\/02\/IMG_4952_cadettes-200x300.jpg 200w, https:\/\/www.scoutlamoliere.ch\/wp-content\/uploads\/2014\/02\/IMG_4952_cadettes-768x1152.jpg 768w, https:\/\/www.scoutlamoliere.ch\/wp-content\/uploads\/2014\/02\/IMG_4952_cadettes-683x1024.jpg 683w, https:\/\/www.scoutlamoliere.ch\/wp-content\/uploads\/2014\/02\/IMG_4952_cadettes.jpg 792w\" sizes=\"auto, (max-width: 383px) 100vw, 383px\" \/><\/p>\n<p><strong>Eclaireur <\/strong><\/p>\n<p>Cette unit\u00e9 regroupe les <b>gar\u00e7ons<\/b> \u00e2g\u00e9s entre <b>11 et 14 ans<\/b> environ. Les activit\u00e9s comprennent autant la r\u00e9vision et l&rsquo;apprentissage des techniques scoutes que les jeux \u00e0 diverses \u00e9chelles ou les excursion des plusieurs jours. Les \u00e9claireurs maitrisent en principe les techniques alpines, comme le rappel, la grimpe, la tyrolienne et la conception de ponts de cordes. Ils connaissent le maniellement des outils et sont famili\u00e9s du montage de camp. Ils appliquent sans difficult\u00e9s non seulement, les techniques de carte, comme la prise de coordonn\u00e9es ou le maniement de la boussole, mais aussi, les techniques de construction massive, comme les brelages et les techniques de secourisme. Ils connaissent enfin l&rsquo;histoire du scoutisme et du groupement. Cette unit\u00e9 participe chaque ann\u00e9e \u00e0 un camp d&rsquo;\u00e9t\u00e9 de dix jours comprenant parfois des marches de plusieurs jours. Il faut avoir accompli ses promesses pour devenir \u00e9claireur.<\/p>\n<p><img loading=\"lazy\" decoding=\"async\" class=\" wp-image-1420 aligncenter\" src=\"http:\/\/www.scoutlamoliere.ch\/wp-content\/uploads\/2014\/02\/IMG_4940_\u00e9claireurs-200x300.jpg\" alt=\"\" width=\"383\" height=\"575\" srcset=\"https:\/\/www.scoutlamoliere.ch\/wp-content\/uploads\/2014\/02\/IMG_4940_\u00e9claireurs-200x300.jpg 200w, https:\/\/www.scoutlamoliere.ch\/wp-content\/uploads\/2014\/02\/IMG_4940_\u00e9claireurs-768x1152.jpg 768w, https:\/\/www.scoutlamoliere.ch\/wp-content\/uploads\/2014\/02\/IMG_4940_\u00e9claireurs-683x1024.jpg 683w, https:\/\/www.scoutlamoliere.ch\/wp-content\/uploads\/2014\/02\/IMG_4940_\u00e9claireurs.jpg 792w\" sizes=\"auto, (max-width: 383px) 100vw, 383px\" \/><\/p>\n<p><strong>Eclaireuses <\/strong><\/p>\n<p>Cette unit\u00e9 regroupe les <b>filles<\/b> \u00e2g\u00e9es entre <b>11 et 14 ans<\/b> environ. Les activit\u00e9s comprennent autant la r\u00e9vision et l&rsquo;apprentissage des techniques scoutes que les jeux \u00e0 diverses \u00e9chelles ou les excursion des plusieurs jours. Les \u00e9claireurses, tout comme leur homologue masculin, maitrisent en principe les techniques alpines, comme le rappel, la grimpe, la tyrolienne et la conception de ponts de cordes. Elles connaissent le maniellement des outils et sont famili\u00e8res du montage de camp. Elles appliquent sans difficult\u00e9s non seulement, les techniques de carte, comme la prise de coordonn\u00e9es ou le maniement de la boussole, mais aussi, les techniques de construction massive, comme les brelages et les techniques de secourisme. Elles connaissent enfin l&rsquo;histoire du scoutisme et du groupement. Cette unit\u00e9 participe chaque ann\u00e9e \u00e0 un camp d&rsquo;\u00e9t\u00e9 de dix jours comprenant parfois des marches de plusieurs jours. Il faut avoir accompli ses promesses pour devenir \u00e9claireuse.<\/p>\n<p><img loading=\"lazy\" decoding=\"async\" class=\" wp-image-1419 aligncenter\" src=\"http:\/\/www.scoutlamoliere.ch\/wp-content\/uploads\/2014\/02\/IMG_4939_\u00e9claireuses-200x300.jpg\" alt=\"\" width=\"383\" height=\"575\" srcset=\"https:\/\/www.scoutlamoliere.ch\/wp-content\/uploads\/2014\/02\/IMG_4939_\u00e9claireuses-200x300.jpg 200w, https:\/\/www.scoutlamoliere.ch\/wp-content\/uploads\/2014\/02\/IMG_4939_\u00e9claireuses-768x1152.jpg 768w, https:\/\/www.scoutlamoliere.ch\/wp-content\/uploads\/2014\/02\/IMG_4939_\u00e9claireuses-683x1024.jpg 683w, https:\/\/www.scoutlamoliere.ch\/wp-content\/uploads\/2014\/02\/IMG_4939_\u00e9claireuses.jpg 792w\" sizes=\"auto, (max-width: 383px) 100vw, 383px\" \/><\/p>\n<p><strong>Pionnier <\/strong><\/p>\n<p>Cette unit\u00e9 regroupe les plus grands <b>gar\u00e7ons<\/b> \u00e2g\u00e9s entre <b>14 et 16 ans<\/b> environ. Les activit\u00e9s restent les m\u00eames que pour les \u00e9claireurs, mais les pionniers sont plus autonomes et responsables. Leur niveau technique doit leur permettre de diriger un petit groupe et d&rsquo;animer la vie du groupement durant les camps. Leures capacit\u00e9s techniques plus importantes leur permettent d&rsquo;organiser et de r\u00e9aliser des activit\u00e9s plus adapte\u00e9s \u00e0 leur \u00e2ge. Cet \u00e9chelon important du cursus scout pr\u00e9pare \u00e0 la fonction d&rsquo;aide-moniteur et de moniteur pour les plus int\u00e9ress\u00e9s.<\/p>\n<p><strong>Cord\u00e9e<br \/>\n<\/strong><\/p>\n<p align=\"JUSTIFY\">Cette unit\u00e9 regroupe les plus grands <b>filles<\/b> \u00e2g\u00e9es entre <b>14 et 16 ans<\/b> environ. Les activit\u00e9s restent les m\u00eames que pour les \u00e9claireuses, mais les cord\u00e9es sont plus autonomes et responsables. Leur niveau technique doit leur permettre de diriger un petit groupe et d&rsquo;animer la vie du groupement durant les camps. Leures capacit\u00e9s techniques plus importantes leur permettent d&rsquo;organiser et de r\u00e9aliser des activit\u00e9s plus adapte\u00e9s \u00e0 leur \u00e2ge. Cet \u00e9chelon important du cursus scout pr\u00e9pare \u00e0 la fonction d&rsquo;aide-monitrice et de monitrice pour les plus int\u00e9ress\u00e9es.<\/p>\n<p>&nbsp;<\/p>\n<p align=\"left\"><i>Ludovic REY, 09.2006<\/i><\/p>\n","protected":false},"excerpt":{"rendered":"<p>Le groupememt scout de La Moli\u00e8re est divis\u00e9 en plusieurs unit\u00e9s selon l&rsquo;\u00e2ge et le sexe des participants. Dans notre groupement, on distingue les unit\u00e9s suivantes : Louveteau Cette unit\u00e9 regroupe les plus jeunes gar\u00e7ons \u00e2g\u00e9s entre 6 et 10 ans environ. Les activit\u00e9s consistent essentiellement \u00e0 des jeux, des ballades et de petites constructions &hellip; <a href=\"https:\/\/www.scoutlamoliere.ch\/?page_id=41\" class=\"more-link\">Continuer la lecture de <span class=\"screen-reader-text\">Unit\u00e9s<\/span>  <span class=\"meta-nav\">&rarr;<\/span><\/a><\/p>\n","protected":false},"author":1,"featured_media":0,"parent":0,"menu_order":0,"comment_status":"closed","ping_status":"closed","template":"","meta":{"footnotes":""},"class_list":["post-41","page","type-page","status-publish","hentry"],"_links":{"self":[{"href":"https:\/\/www.scoutlamoliere.ch\/index.php?rest_route=\/wp\/v2\/pages\/41","targetHints":{"allow":["GET"]}}],"collection":[{"href":"https:\/\/www.scoutlamoliere.ch\/index.php?rest_route=\/wp\/v2\/pages"}],"about":[{"href":"https:\/\/www.scoutlamoliere.ch\/index.php?rest_route=\/wp\/v2\/types\/page"}],"author":[{"embeddable":true,"href":"https:\/\/www.scoutlamoliere.ch\/index.php?rest_route=\/wp\/v2\/users\/1"}],"replies":[{"embeddable":true,"href":"https:\/\/www.scoutlamoliere.ch\/index.php?rest_route=%2Fwp%2Fv2%2Fcomments&post=41"}],"version-history":[{"count":7,"href":"https:\/\/www.scoutlamoliere.ch\/index.php?rest_route=\/wp\/v2\/pages\/41\/revisions"}],"predecessor-version":[{"id":1487,"href":"https:\/\/www.scoutlamoliere.ch\/index.php?rest_route=\/wp\/v2\/pages\/41\/revisions\/1487"}],"wp:attachment":[{"href":"https:\/\/www.scoutlamoliere.ch\/index.php?rest_route=%2Fwp%2Fv2%2Fmedia&parent=41"}],"curies":[{"name":"wp","href":"https:\/\/api.w.org\/{rel}","templated":true}]}}